{"id":316,"date":"2018-06-18T16:10:32","date_gmt":"2018-06-18T15:10:32","guid":{"rendered":"http:\/\/localhost\/retter-dental-care\/tmd-tmj-dysfunction\/"},"modified":"2018-06-19T08:44:55","modified_gmt":"2018-06-19T07:44:55","slug":"dysfonction-de-latm","status":"publish","type":"page","link":"https:\/\/retterdentalcare.com\/fr\/dysfonction-de-latm\/","title":{"rendered":"Dysfonction de l&#8217;ATM"},"content":{"rendered":"<p>L&#8217;articulation temporo-mandibulaire (ATM) est une petite articulation qui relie la partie inf\u00e9rieure du cr\u00e2ne \u00e0 la partie sup\u00e9rieure de la mandibule. Cette articulation permet l&#8217;ouverture et la fermeture de la m\u00e2choire ainsi que les mouvements lat\u00e9raux de celle-ci. Les mouvements de l&#8217;articulation sont contr\u00f4l\u00e9s par les muscles, les tendons et ligaments li\u00e9s \u00e0 la fonction masticatoire. Par cons\u00e9quent, les patients souffrant d&#8217;un trouble de L&#8217;ATM peuvent \u00e0 la fois pr\u00e9senter une dysfonction de l&#8217;articulation et\/ou des complications myofaciales.<\/p>\n<p>Les troubles de l&#8217;ATM sont assez fr\u00e9quents et les sympt\u00f4mes sont tr\u00e8s vari\u00e9s. Certains patients se plaignent de maux de t\u00eate ou d&#8217;oreilles ou encore de douleur au r\u00e9veil ou lorsqu&#8217;ils mangent. D&#8217;autres ont des probl\u00e8mes d&#8217;occlusion intermittents ou \u00e9prouvent de la difficult\u00e9 \u00e0 ouvrir la bouche. Des claquements, craquements ou grincements peuvent \u00e9galement se faire entendre dans certains cas, tout comme de la douleur lorsque la m\u00e2choire est en mouvement.<\/p>\n<p>Le traitement de l&#8217;ATM peut impliquer disciplines, ce qui exige beaucoup de patience chez la personne aux prises avec ce genre de probl\u00e9matique. En g\u00e9n\u00e9ral, on doit attendre longtemps avant de constater une am\u00e9lioration.<\/p>\n<div class=\"videoWrapperISM\">\n<div class=\"video\"><script type=\"text\/javascript\">\n\t\t\t\tdocument.write(insertClipVzaar(\"36-articulation_temporo-mandibulaire\", rootFr, \"612\", \"344\", \"false\", \"s\", \"\"));\n\t\t\t<\/script><\/div>\n<\/div>\n<p>&nbsp;<\/p>\n","protected":false},"excerpt":{"rendered":"<p>L&#8217;articulation temporo-mandibulaire (ATM) est une petite articulation qui relie la partie inf\u00e9rieure du cr\u00e2ne \u00e0 la partie sup\u00e9rieure de la [&hellip;]<\/p>\n","protected":false},"author":1,"featured_media":140,"parent":0,"menu_order":0,"comment_status":"closed","ping_status":"closed","template":"","meta":{"footnotes":""},"class_list":["post-316","page","type-page","status-publish","has-post-thumbnail","hentry"],"yoast_head":"<!-- This site is optimized with the Yoast SEO plugin v26.6 - https:\/\/yoast.com\/wordpress\/plugins\/seo\/ -->\n<title>Dysfonction de l&#039;ATM - Retter Dental Care<\/title>\n<meta name=\"robots\" content=\"index, follow, max-snippet:-1, max-image-preview:large, max-video-preview:-1\" \/>\n<link rel=\"canonical\" href=\"https:\/\/retterdentalcare.com\/tmd-tmj-dysfunction\/\" \/>\n<meta property=\"og:locale\" content=\"fr_FR\" \/>\n<meta property=\"og:type\" content=\"article\" \/>\n<meta property=\"og:title\" content=\"Dysfonction de l&#039;ATM - Retter Dental Care\" \/>\n<meta property=\"og:description\" content=\"L&#8217;articulation temporo-mandibulaire (ATM) est une petite articulation qui relie la partie inf\u00e9rieure du cr\u00e2ne \u00e0 la partie sup\u00e9rieure de la [&hellip;]\" \/>\n<meta property=\"og:url\" content=\"https:\/\/retterdentalcare.com\/tmd-tmj-dysfunction\/\" \/>\n<meta property=\"og:site_name\" content=\"Retter Dental Care\" \/>\n<meta property=\"article:modified_time\" content=\"2018-06-19T07:44:55+00:00\" \/>\n<meta property=\"og:image\" content=\"https:\/\/retterdentalcare.com\/wp-content\/uploads\/2018\/06\/image-dentistry-9.jpg\" \/>\n\t<meta property=\"og:image:width\" content=\"1000\" \/>\n\t<meta property=\"og:image:height\" content=\"900\" \/>\n\t<meta property=\"og:image:type\" content=\"image\/jpeg\" \/>\n<meta name=\"twitter:card\" content=\"summary_large_image\" \/>\n<meta name=\"twitter:label1\" content=\"Dur\u00e9e de lecture estim\u00e9e\" \/>\n\t<meta name=\"twitter:data1\" content=\"1 minute\" \/>\n<script type=\"application\/ld+json\" class=\"yoast-schema-graph\">{\"@context\":\"https:\/\/schema.org\",\"@graph\":[{\"@type\":\"WebPage\",\"@id\":\"https:\/\/retterdentalcare.com\/tmd-tmj-dysfunction\/\",\"url\":\"https:\/\/retterdentalcare.com\/tmd-tmj-dysfunction\/\",\"name\":\"Dysfonction de l'ATM - Retter Dental Care\",\"isPartOf\":{\"@id\":\"https:\/\/retterdentalcare.com\/#website\"},\"primaryImageOfPage\":{\"@id\":\"https:\/\/retterdentalcare.com\/tmd-tmj-dysfunction\/#primaryimage\"},\"image\":{\"@id\":\"https:\/\/retterdentalcare.com\/tmd-tmj-dysfunction\/#primaryimage\"},\"thumbnailUrl\":\"https:\/\/retterdentalcare.com\/wp-content\/uploads\/2018\/06\/image-dentistry-9.jpg\",\"datePublished\":\"2018-06-18T15:10:32+00:00\",\"dateModified\":\"2018-06-19T07:44:55+00:00\",\"breadcrumb\":{\"@id\":\"https:\/\/retterdentalcare.com\/tmd-tmj-dysfunction\/#breadcrumb\"},\"inLanguage\":\"fr-FR\",\"potentialAction\":[{\"@type\":\"ReadAction\",\"target\":[\"https:\/\/retterdentalcare.com\/tmd-tmj-dysfunction\/\"]}]},{\"@type\":\"ImageObject\",\"inLanguage\":\"fr-FR\",\"@id\":\"https:\/\/retterdentalcare.com\/tmd-tmj-dysfunction\/#primaryimage\",\"url\":\"https:\/\/retterdentalcare.com\/wp-content\/uploads\/2018\/06\/image-dentistry-9.jpg\",\"contentUrl\":\"https:\/\/retterdentalcare.com\/wp-content\/uploads\/2018\/06\/image-dentistry-9.jpg\",\"width\":\"1000\",\"height\":\"900\"},{\"@type\":\"BreadcrumbList\",\"@id\":\"https:\/\/retterdentalcare.com\/tmd-tmj-dysfunction\/#breadcrumb\",\"itemListElement\":[{\"@type\":\"ListItem\",\"position\":1,\"name\":\"Home\",\"item\":\"https:\/\/retterdentalcare.com\/fr\/\"},{\"@type\":\"ListItem\",\"position\":2,\"name\":\"Dysfonction de l&#8217;ATM\"}]},{\"@type\":\"WebSite\",\"@id\":\"https:\/\/retterdentalcare.com\/#website\",\"url\":\"https:\/\/retterdentalcare.com\/\",\"name\":\"Retter Dental Care\",\"description\":\"The Best Care In The Most Comfortable Environment\",\"potentialAction\":[{\"@type\":\"SearchAction\",\"target\":{\"@type\":\"EntryPoint\",\"urlTemplate\":\"https:\/\/retterdentalcare.com\/?s={search_term_string}\"},\"query-input\":{\"@type\":\"PropertyValueSpecification\",\"valueRequired\":true,\"valueName\":\"search_term_string\"}}],\"inLanguage\":\"fr-FR\"}]}<\/script>\n<!-- \/ Yoast SEO plugin. -->","yoast_head_json":{"title":"Dysfonction de l'ATM - Retter Dental Care","robots":{"index":"index","follow":"follow","max-snippet":"max-snippet:-1","max-image-preview":"max-image-preview:large","max-video-preview":"max-video-preview:-1"},"canonical":"https:\/\/retterdentalcare.com\/tmd-tmj-dysfunction\/","og_locale":"fr_FR","og_type":"article","og_title":"Dysfonction de l'ATM - Retter Dental Care","og_description":"L&#8217;articulation temporo-mandibulaire (ATM) est une petite articulation qui relie la partie inf\u00e9rieure du cr\u00e2ne \u00e0 la partie sup\u00e9rieure de la [&hellip;]","og_url":"https:\/\/retterdentalcare.com\/tmd-tmj-dysfunction\/","og_site_name":"Retter Dental Care","article_modified_time":"2018-06-19T07:44:55+00:00","og_image":[{"width":1000,"height":900,"url":"https:\/\/retterdentalcare.com\/wp-content\/uploads\/2018\/06\/image-dentistry-9.jpg","type":"image\/jpeg"}],"twitter_card":"summary_large_image","twitter_misc":{"Dur\u00e9e de lecture estim\u00e9e":"1 minute"},"schema":{"@context":"https:\/\/schema.org","@graph":[{"@type":"WebPage","@id":"https:\/\/retterdentalcare.com\/tmd-tmj-dysfunction\/","url":"https:\/\/retterdentalcare.com\/tmd-tmj-dysfunction\/","name":"Dysfonction de l'ATM - Retter Dental Care","isPartOf":{"@id":"https:\/\/retterdentalcare.com\/#website"},"primaryImageOfPage":{"@id":"https:\/\/retterdentalcare.com\/tmd-tmj-dysfunction\/#primaryimage"},"image":{"@id":"https:\/\/retterdentalcare.com\/tmd-tmj-dysfunction\/#primaryimage"},"thumbnailUrl":"https:\/\/retterdentalcare.com\/wp-content\/uploads\/2018\/06\/image-dentistry-9.jpg","datePublished":"2018-06-18T15:10:32+00:00","dateModified":"2018-06-19T07:44:55+00:00","breadcrumb":{"@id":"https:\/\/retterdentalcare.com\/tmd-tmj-dysfunction\/#breadcrumb"},"inLanguage":"fr-FR","potentialAction":[{"@type":"ReadAction","target":["https:\/\/retterdentalcare.com\/tmd-tmj-dysfunction\/"]}]},{"@type":"ImageObject","inLanguage":"fr-FR","@id":"https:\/\/retterdentalcare.com\/tmd-tmj-dysfunction\/#primaryimage","url":"https:\/\/retterdentalcare.com\/wp-content\/uploads\/2018\/06\/image-dentistry-9.jpg","contentUrl":"https:\/\/retterdentalcare.com\/wp-content\/uploads\/2018\/06\/image-dentistry-9.jpg","width":"1000","height":"900"},{"@type":"BreadcrumbList","@id":"https:\/\/retterdentalcare.com\/tmd-tmj-dysfunction\/#breadcrumb","itemListElement":[{"@type":"ListItem","position":1,"name":"Home","item":"https:\/\/retterdentalcare.com\/fr\/"},{"@type":"ListItem","position":2,"name":"Dysfonction de l&#8217;ATM"}]},{"@type":"WebSite","@id":"https:\/\/retterdentalcare.com\/#website","url":"https:\/\/retterdentalcare.com\/","name":"Retter Dental Care","description":"The Best Care In The Most Comfortable Environment","potentialAction":[{"@type":"SearchAction","target":{"@type":"EntryPoint","urlTemplate":"https:\/\/retterdentalcare.com\/?s={search_term_string}"},"query-input":{"@type":"PropertyValueSpecification","valueRequired":true,"valueName":"search_term_string"}}],"inLanguage":"fr-FR"}]}},"_links":{"self":[{"href":"https:\/\/retterdentalcare.com\/fr\/wp-json\/wp\/v2\/pages\/316","targetHints":{"allow":["GET"]}}],"collection":[{"href":"https:\/\/retterdentalcare.com\/fr\/wp-json\/wp\/v2\/pages"}],"about":[{"href":"https:\/\/retterdentalcare.com\/fr\/wp-json\/wp\/v2\/types\/page"}],"author":[{"embeddable":true,"href":"https:\/\/retterdentalcare.com\/fr\/wp-json\/wp\/v2\/users\/1"}],"replies":[{"embeddable":true,"href":"https:\/\/retterdentalcare.com\/fr\/wp-json\/wp\/v2\/comments?post=316"}],"version-history":[{"count":0,"href":"https:\/\/retterdentalcare.com\/fr\/wp-json\/wp\/v2\/pages\/316\/revisions"}],"wp:featuredmedia":[{"embeddable":true,"href":"https:\/\/retterdentalcare.com\/fr\/wp-json\/wp\/v2\/media\/140"}],"wp:attachment":[{"href":"https:\/\/retterdentalcare.com\/fr\/wp-json\/wp\/v2\/media?parent=316"}],"curies":[{"name":"wp","href":"https:\/\/api.w.org\/{rel}","templated":true}]}}

<p>L&#8217;articulation temporo-mandibulaire (ATM) est une petite articulation qui relie la partie inférieure du crâne à la partie supérieure de la mandibule. Cette articulation permet l&#8217;ouverture et la fermeture de la mâchoire ainsi que les mouvements latéraux de celle-ci. Les mouvements de l&#8217;articulation sont contrôlés par les muscles, les tendons et ligaments liés à la fonction masticatoire. Par conséquent, les patients souffrant d&#8217;un trouble de L&#8217;ATM peuvent à la fois présenter une dysfonction de l&#8217;articulation et/ou des complications myofaciales.</p>
<p>Les troubles de l&#8217;ATM sont assez fréquents et les symptômes sont très variés. Certains patients se plaignent de maux de tête ou d&#8217;oreilles ou encore de douleur au réveil ou lorsqu&#8217;ils mangent. D&#8217;autres ont des problèmes d&#8217;occlusion intermittents ou éprouvent de la difficulté à ouvrir la bouche. Des claquements, craquements ou grincements peuvent également se faire entendre dans certains cas, tout comme de la douleur lorsque la mâchoire est en mouvement.</p>
<p>Le traitement de l&#8217;ATM peut impliquer disciplines, ce qui exige beaucoup de patience chez la personne aux prises avec ce genre de problématique. En général, on doit attendre longtemps avant de constater une amélioration.</p>
<div class="videoWrapperISM">
<div class="video"><script type="text/javascript">
				document.write(insertClipVzaar("36-articulation_temporo-mandibulaire", rootFr, "612", "344", "false", "s", ""));
			</script></div>
</div>
<p>&nbsp;</p>

<p>L&#8217;articulation temporo-mandibulaire (ATM) est une petite articulation qui relie la partie inférieure du crâne à la partie supérieure de la [&hellip;]</p>

<!-- This site is optimized with the Yoast SEO plugin v26.6 - https://yoast.com/wordpress/plugins/seo/ -->
<title>Dysfonction de l&#039;ATM - Retter Dental Care</title>
<meta name="robots" content="index, follow, max-snippet:-1, max-image-preview:large, max-video-preview:-1" />
<link rel="canonical" href="https://retterdentalcare.com/tmd-tmj-dysfunction/" />
<meta property="og:locale" content="fr_FR" />
<meta property="og:type" content="article" />
<meta property="og:title" content="Dysfonction de l&#039;ATM - Retter Dental Care" />
<meta property="og:description" content="L&#8217;articulation temporo-mandibulaire (ATM) est une petite articulation qui relie la partie inférieure du crâne à la partie supérieure de la [&hellip;]" />
<meta property="og:url" content="https://retterdentalcare.com/tmd-tmj-dysfunction/" />
<meta property="og:site_name" content="Retter Dental Care" />
<meta property="article:modified_time" content="2018-06-19T07:44:55+00:00" />
<meta property="og:image" content="https://retterdentalcare.com/wp-content/uploads/2018/06/image-dentistry-9.jpg" />
	<meta property="og:image:width" content="1000" />
	<meta property="og:image:height" content="900" />
	<meta property="og:image:type" content="image/jpeg" />
<meta name="twitter:card" content="summary_large_image" />
<meta name="twitter:label1" content="Durée de lecture estimée" />
	<meta name="twitter:data1" content="1 minute" />
<script type="application/ld+json" class="yoast-schema-graph">{"@context":"https://schema.org","@graph":[{"@type":"WebPage","@id":"https://retterdentalcare.com/tmd-tmj-dysfunction/","url":"https://retterdentalcare.com/tmd-tmj-dysfunction/","name":"Dysfonction de l'ATM - Retter Dental Care","isPartOf":{"@id":"https://retterdentalcare.com/#website"},"primaryImageOfPage":{"@id":"https://retterdentalcare.com/tmd-tmj-dysfunction/#primaryimage"},"image":{"@id":"https://retterdentalcare.com/tmd-tmj-dysfunction/#primaryimage"},"thumbnailUrl":"https://retterdentalcare.com/wp-content/uploads/2018/06/image-dentistry-9.jpg","datePublished":"2018-06-18T15:10:32+00:00","dateModified":"2018-06-19T07:44:55+00:00","breadcrumb":{"@id":"https://retterdentalcare.com/tmd-tmj-dysfunction/#breadcrumb"},"inLanguage":"fr-FR","potentialAction":[{"@type":"ReadAction","target":["https://retterdentalcare.com/tmd-tmj-dysfunction/"]}]},{"@type":"ImageObject","inLanguage":"fr-FR","@id":"https://retterdentalcare.com/tmd-tmj-dysfunction/#primaryimage","url":"https://retterdentalcare.com/wp-content/uploads/2018/06/image-dentistry-9.jpg","contentUrl":"https://retterdentalcare.com/wp-content/uploads/2018/06/image-dentistry-9.jpg","width":"1000","height":"900"},{"@type":"BreadcrumbList","@id":"https://retterdentalcare.com/tmd-tmj-dysfunction/#breadcrumb","itemListElement":[{"@type":"ListItem","position":1,"name":"Home","item":"https://retterdentalcare.com/fr/"},{"@type":"ListItem","position":2,"name":"Dysfonction de l&#8217;ATM"}]},{"@type":"WebSite","@id":"https://retterdentalcare.com/#website","url":"https://retterdentalcare.com/","name":"Retter Dental Care","description":"The Best Care In The Most Comfortable Environment","potentialAction":[{"@type":"SearchAction","target":{"@type":"EntryPoint","urlTemplate":"https://retterdentalcare.com/?s={search_term_string}"},"query-input":{"@type":"PropertyValueSpecification","valueRequired":true,"valueName":"search_term_string"}}],"inLanguage":"fr-FR"}]}</script>
<!-- / Yoast SEO plugin. -->

L&#8217;articulation temporo-mandibulaire (ATM) est une petite articulation qui relie la partie inférieure du crâne à la partie supérieure de la [&hellip;]
